nd 2489318?
1742
What is the highest common factor of 74210 and 5030?
10
What is the greatest common divisor of 5230 and 31090?
10
What is the greatest common divisor of 65919 and 391773?
129
Calculate the highest common factor of 2113003412 and 181.
181
What is the highest common divisor of 800244 and 69?
3
Calculate the highest common divisor of 153300 and 70980.
420
Calculate the greatest common divisor of 81 and 223608.
3
Calculate the highest common divisor of 234718423 and 427.
61
What is the highest common factor of 3879 and 46998?
9
Calculate the highest common divisor of 1401914520 and 696.
696
What is the greatest common divisor of 337472 and 9664?
64
What is the highest common divisor of 16720 and 31735?
55
What is the highest common factor of 24054208 and 16480?
3296
Calculate the greatest common divisor of 142290 and 22304.
34
Calculate the greatest common divisor of 77 and 27988070.
11
What is the highest common factor of 53137750 and 2000?
250
What is the highest common factor of 32928 and 167467692?
4116
What is the highest common divisor of 3206 and 12838?
14
Calculate the highest common factor of 596 and 38884679.
149
Calculate the greatest common factor of 456313878 and 54.
54
Calculate the highest common divisor of 72 and 9128544.
24
What is the highest common divisor of 27750 and 2553090?
30
What is the highest common factor of 30999136 and 168?
56
What is the greatest common divisor of 934 and 22903081?
467
What is the greatest common factor of 176532429 and 2829?
2829
What is the greatest common divisor of 946 and 3259744?
86
What is the highest common factor of 183 and 3519273?
183
Calculate the greatest common factor of 236678 and 806.
26
What is the greatest common divisor of 324548 and 1262548?
1876
What is the highest common divisor of 18391290 and 60?
30
Calculate the greatest common divisor of 1628107 and 149981.
1807
Calculate the highest common factor of 978888 and 9528.
24
What is the greatest common divisor of 52 and 24452870?
26
Calculate the greatest common divisor of 153553 and 3296033.
3571
Calculate the highest common factor of 2154 and 4371184.
718
What is the highest common factor of 31387503 and 2268?
21
Calculate the greatest common factor of 542800 and 767.
59
What is the highest common divisor of 1229 and 200346664?
1229
What is the highest common factor of 21345738 and 240?
6
Calculate the greatest common factor of 277299 and 6561.
9
Calculate the greatest common divisor of 596222070 and 4650.
930
Calculate the highest common factor of 4296 and 31275596.
716
What is the greatest common divisor of 26246097 and 24939?
1467
What is the greatest common divisor of 577430 and 44630?
10
Calculate the greatest common factor of 50 and 653334850.
50
Calculate the highest common divisor of 6335232 and 3045576.
2712
What is the highest common factor of 8584 and 29933?
37
What is the highest common divisor of 152182684 and 2264?
1132
Calculate the highest common factor of 984995 and 8437.
11
What is the greatest common factor of 172 and 224091748?
172
What is the highest common factor of 40395764 and 8577?
953
What is the highest common factor of 1210 and 125910?
10
Calculate the highest common divisor of 314213446 and 2.
2
Calculate the highest common factor of 131632 and 48929.
433
What is the greatest common factor of 31859835 and 5887?
203
Calculate the greatest common divisor of 1837 and 16808.
11
Calculate the highest common divisor of 2152033 and 1664.
13
What is the highest common divisor of 63 and 45522603?
63
What is the highest common factor of 61848 and 200435624?
6872
What is the greatest common factor of 3509740 and 676?
52
What is the highest common divisor of 1951226 and 68?
34
Calculate the greatest common factor of 262641 and 45.
3
What is the greatest common factor of 795 and 20835095?
265
Calculate the greatest common factor of 360 and 164790.
90
What is the highest common factor of 9 and 9555138?
9
What is the highest common factor of 14232 and 162648?
24
Calculate the highest common divisor of 2176 and 3083868.
68
What is the highest common divisor of 145 and 47956227?
29
What is the highest common divisor of 3592490912 and 4286?
4286
Calculate the highest common factor of 7261307 and 10443.
59
What is the highest common factor of 21 and 489931995?
21
Calculate the highest common factor of 772 and 20767958.
386
What is the greatest common factor of 2 and 1527536?
2
What is the highest common factor of 90366 and 15324?
6
What is the greatest common divisor of 764 and 229284?
4
Calculate the highest common divisor of 20287281 and 7572.
1893
Calculate the highest common divisor of 3442520 and 20.
20
What is the highest common factor of 607616 and 1600?
64
Calculate the greatest common divisor of 2542029 and 1491.
21
What is the highest common divisor of 13860 and 2146221?
693
Calculate the greatest common factor of 11540 and 6610.
10
Calculate the greatest common divisor of 4947 and 8904617.
17
Calculate the highest common factor of 1564 and 12136708.
68
Calculate the greatest common factor of 37000 and 40552.
296
Calculate the greatest common factor of 708096 and 2904.
24
What is the greatest common divisor of 32784400 and 88?
88
Calculate the highest common divisor of 405999000 and 66.
66
Calculate the greatest common factor of 5117 and 21018443.
731
Calculate the greatest common factor of 4560624 and 18192.
48
What is the highest common factor of 180549 and 486?
243
Calculate the greatest common factor of 1221 and 1257223.
407
Calculate the highest common divisor of 462796 and 85913.
53
Calculate the greatest common divisor of 4998182 and 3108.
518
Calculate the greatest common factor of 948207 and 2460.
123
Calculate the greatest common factor of 1200 and 186192.
48
Calculate the greatest common divisor of 1377 and 6360669.
153
What is the highest common factor of 7343945 and 428?
107
What is the highest common divisor of 228666843 and 57?
57
Calculate the highest common factor of 622099745 and 3155.
3155
What is the greatest common divisor of 2320 and 6678640?
80
Calculate the greatest common divisor of 5522211 and 7101.
2367
Calculate the highest common divisor of 2255 and 32129035.
205
What is the highest common divisor of 30 and 137419035?
15
What is the highest common factor of 42 and 939329482?
14
What is the highest common divisor of 184790476 and 104?
52
What is the greatest common divisor of 176 and 15390160?
16
Calculate the highest common factor of 3 and 35573688.
3
Calculate the highest common divisor of 75166989 and 1461.
1461
What is the greatest common factor of 5865 and 9767571?
1173
What is the greatest common factor of 466802 and 7364?
14
Calculate the highest common factor of 35916 and 1329015.
123
Calculate the highest common divisor of 36177 and 23308491.
1167
Calculate the highest common factor of 57123 and 2981.
11
What is the greatest common divisor of 10570 and 88340?
70
What is the greatest common factor of 6423229 and 371?
53
What is the greatest common divisor of 530583 and 1704?
213
What is the greatest common factor of 168708892 and 58?
58
Calculate the highest common factor of 22398503 and 347.
347
What is the highest common factor of 648 and 18268416?
648
What is the greatest common factor of 138150 and 10350?
450
Calculate the greatest common divisor of 8845182 and 19521.
2169
Calculate the highest common factor of 40 and 48928280.
40
What is the greatest common factor of 2520 and 2590?
70
Calculate the greatest common divisor of 177611 and 7.
7
Calculate the highest common divisor of 42 and 3903156.
6
What is the greatest common factor of 3076912 and 48?
16
What is the greatest common factor of 444 and 14967129?
111
What is the greatest common divisor of 12125 and 327625?
125
Calculate the greatest common factor of 925 and 27083667.
37
Calculate the highest common factor of 35 and 10828503.
7
What is the highest common factor of 103906 and 38544?
22
What is the greatest common factor of 790 and 510710?
10
What is the greatest common factor of 43063160 and 14?
14
What is the greatest common divisor of 69642 and 542?
2
What is the highest common factor of 104 and 1730807?
13
Calculate the greatest common factor of 53973381 and 1694.
847
Calculate the h